r of 496 and 23157.
31
Calculate the greatest common divisor of 3874660 and 4530.
1510
What is the highest common factor of 144105 and 195?
195
What is the greatest common divisor of 671 and 19642?
61
Calculate the highest common divisor of 25218 and 127024.
934
Calculate the highest common factor of 3470 and 950.
10
Calculate the greatest common factor of 2 and 844418.
2
What is the highest common factor of 1023 and 341?
341
What is the greatest common divisor of 28063 and 13699?
133
What is the highest common divisor of 6220 and 5540?
20
Calculate the greatest common divisor of 784 and 2401.
49
Calculate the greatest common factor of 209 and 25828.
11
Calculate the greatest common divisor of 130 and 551.
1
Calculate the highest common factor of 416283 and 387.
129
What is the highest common divisor of 11993 and 21909?
67
Calculate the greatest common factor of 3520 and 19520.
320
Calculate the highest common factor of 2983680 and 120.
120
What is the highest common divisor of 770906 and 76?
38
Calculate the greatest common factor of 25691 and 4468.
1117
What is the greatest common factor of 944 and 296?
8
What is the greatest common divisor of 1581650 and 350?
350
Calculate the greatest common divisor of 8606 and 147295.
331
Calculate the highest common factor of 186111 and 9.
9
What is the highest common divisor of 106735 and 5?
5
What is the highest common divisor of 1164 and 1992?
12
What is the greatest common factor of 46 and 7204?
2
What is the highest common divisor of 11817029 and 7?
7
What is the highest common divisor of 43011 and 297?
27
What is the greatest common divisor of 86 and 130591?
43
Calculate the highest common divisor of 3640 and 11760.
280
Calculate the greatest common factor of 608 and 654284.
76
What is the highest common divisor of 33 and 57006?
3
What is the greatest common divisor of 7185783 and 423?
141
Calculate the highest common factor of 8085428 and 488.
244
Calculate the greatest common factor of 171081 and 261.
9
Calculate the greatest common divisor of 17563 and 9737.
91
What is the highest common factor of 66 and 77902?
22
Calculate the greatest common factor of 1740 and 555.
15
Calculate the greatest common divisor of 1802 and 136.
34
What is the greatest common factor of 2109 and 2052?
57
Calculate the greatest common factor of 147877 and 362.
181
Calculate the highest common divisor of 1173 and 6243879.
1173
Calculate the highest common divisor of 57420 and 11600.
580
Calculate the highest common divisor of 841 and 249661.
29
Calculate the highest common divisor of 2960 and 2825616.
592
Calculate the highest common divisor of 833112 and 609.
609
What is the highest common divisor of 381201 and 5388?
1347
Calculate the greatest common divisor of 491205 and 15.
15
What is the highest common divisor of 58912 and 1120?
224
What is the highest common factor of 339040 and 260?
260
Calculate the greatest common divisor of 636 and 149672.
212
Calculate the greatest common factor of 12506 and 444.
74
What is the greatest common factor of 372 and 133734?
186
Calculate the greatest common factor of 310245 and 3225.
645
Calculate the highest common divisor of 410410 and 9240.
770
Calculate the greatest common divisor of 12 and 1434396.
12
What is the greatest common factor of 4 and 139028?
4
Calculate the greatest common divisor of 1325674 and 1790.
358
Calculate the greatest common factor of 5 and 55285.
5
What is the greatest common factor of 428079 and 713?
31
What is the highest common divisor of 206 and 58401?
103
What is the greatest common divisor of 513282 and 404?
202
Calculate the greatest common divisor of 64136 and 56.
8
What is the highest common divisor of 705 and 2726?
47
What is the greatest common factor of 1260 and 163395?
45
What is the highest common factor of 38452 and 44?
4
Calculate the greatest common factor of 440 and 14850.
110
What is the greatest common factor of 2274 and 1236?
6
What is the greatest common divisor of 126738 and 702?
54
What is the highest common factor of 16 and 1366864?
16
What is the highest common factor of 6944 and 27328?
224
Calculate the greatest common divisor of 56 and 127544.
8
Calculate the greatest common factor of 5056 and 704.
64
What is the greatest common factor of 195483 and 4437?
51
Calculate the highest common divisor of 429 and 41899.
143
Calculate the greatest common divisor of 7317 and 132519.
813
Calculate the highest common factor of 228 and 110694.
114
Calculate the highest common factor of 5472 and 343026.
342
What is the highest common factor of 7029 and 671?
11
Calculate the highest common divisor of 1782 and 14134824.
1782
What is the highest common divisor of 4917 and 605?
11
Calculate the greatest common divisor of 513 and 839781.
513
What is the greatest common factor of 1144 and 85943?
143
What is the highest common factor of 26 and 12701?
13
Calculate the highest common factor of 17628 and 156.
156
What is the highest common factor of 4040 and 251288?
808
Calculate the highest common divisor of 1545 and 915.
15
What is the greatest common divisor of 5840 and 26480?
80
Calculate the greatest common factor of 42601 and 232.
29
What is the highest common divisor of 558341 and 1162?
581
What is the greatest common factor of 606 and 11312?
202
Calculate the greatest common divisor of 17043 and 38571.
897
What is the greatest common divisor of 45 and 20701755?
45
What is the greatest common divisor of 12870 and 1690?
130
Calculate the highest common factor of 15105 and 18285.
795
What is the highest common divisor of 16289 and 1911?
91
What is the highest common divisor of 228 and 216087?
57
What is the greatest common factor of 2528 and 22144?
32
Calculate the highest common divisor of 282 and 884822.
94
Calculate the highest common factor of 1542 and 648.
6
Calculate the greatest common factor of 66 and 33924.
66
What is the greatest common factor of 28476 and 2016?
252
What is the greatest common divisor of 34 and 6244406?
34
Calculate the greatest common divisor of 15558 and 222.
6
What is the greatest common divisor of 2535 and 10965?
15
What is the highest common divisor of 1650 and 4686?
66
Calculate the highest common factor of 704 and 9264.
16
Calculate the greatest common factor of 915 and 111.
3
Calculate the highest common divisor of 399105 and 35.
35
Calculate the highest common divisor of 1802207 and 836.
209
What is the greatest common divisor of 6450 and 450?
150
Calculate the highest common divisor of 854 and 164395.
427
What is the greatest common factor of 1340 and 414328?
268
Calculate the highest common divisor of 3060 and 1440.
180
Calculate the greatest common factor of 576 and 3996.
36
What is the greatest common divisor of 15538 and 544?
34
Calculate the greatest common factor of 588 and 10724.
28
Calculate the highest common divisor of 4100 and 7872.
164
Calculate the highest common divisor of 10560 and 38976.
192
Calculate the greatest common factor of 26219 and 3.
1
What is the greatest common factor of 2177 and 35765?
311
Calculate the highest common factor of 668 and 2133759.
167
Calculate the greatest common factor of 387367 and 131.
131
Calculate the highest common divisor of 39997 and 58719.
851
Calculate the highest common factor of 58 and 525422.
58
What is the highest common divisor of 1488010 and 170?
170
What is the greatest common divisor of 6762 and 22862?
322
What is the highest common factor of 21063 and 6909?
21
What is the greatest common factor of 158641 and 1834?
917
What is the highest common factor of 234 and 439686?
234
Calculate the highest common divisor of 212 and 1980716.
212
Calculate the greatest common factor of 540888 and 744.
744
What is the greatest common factor of 224260 and 15?
5
Calculate the highest common divisor of 1 and 17499.
1
What is the highest common factor of 8192 and 202112?
128
Calculate the highest common divisor of 518 and 198394.
518
What is the greatest common factor of 2969015 and 82?
41
What is the greatest common factor of 668150 and 70?
70
Calculate the highest common divisor of 130 and 277230.
10
What is the highest common divisor of 72826 and 52?
26
Calculate the highest common factor of 26883 and 515.
103
Calculate the greatest common factor of 6344513